205?
56
What is the remainder when 351 is divided by 136?
79
Calculate the remainder when 2279 is divided by 21.
11
Calculate the remainder when 44137 is divided by 11.
5
Calculate the remainder when 263619 is divided by 191.
39
Calculate the remainder when 1279 is divided by 7.
5
Calculate the remainder when 148842 is divided by 58.
14
What is the remainder when 14647 is divided by 257?
255
Calculate the remainder when 234 is divided by 84.
66
Calculate the remainder when 1988 is divided by 232.
132
What is the remainder when 9206 is divided by 295?
61
Calculate the remainder when 2414 is divided by 266.
20
Calculate the remainder when 2884 is divided by 259.
35
Calculate the remainder when 20277 is divided by 10131.
15
What is the remainder when 1015719 is divided by 40?
39
Calculate the remainder when 3105 is divided by 3072.
33
Calculate the remainder when 3992 is divided by 159.
17
Calculate the remainder when 716036 is divided by 16.
4
What is the remainder when 104255 is divided by 181?
180
What is the remainder when 7907 is divided by 30?
17
Calculate the remainder when 3223 is divided by 29.
4
Calculate the remainder when 110415 is divided by 231.
228
What is the remainder when 317516 is divided by 163?
155
What is the remainder when 7140 is divided by 38?
34
Calculate the remainder when 2494 is divided by 2493.
1
What is the remainder when 80425 is divided by 98?
65
What is the remainder when 2181 is divided by 26?
23
What is the remainder when 2158 is divided by 7?
2
Calculate the remainder when 3393 is divided by 279.
45
What is the remainder when 12342 is divided by 134?
14
What is the remainder when 338050 is divided by 46?
42
Calculate the remainder when 1414 is divided by 51.
37
What is the remainder when 18649 is divided by 6216?
1
What is the remainder when 3988 is divided by 319?
160
What is the remainder when 723454 is divided by 61?
55
What is the remainder when 21993 is divided by 477?
51
What is the remainder when 83587 is divided by 561?
559
Calculate the remainder when 21969 is divided by 13.
12
Calculate the remainder when 722 is divided by 150.
122
Calculate the remainder when 85 is divided by 47.
38
Calculate the remainder when 10471 is divided by 1663.
493
Calculate the remainder when 16179 is divided by 6905.
2369
Calculate the remainder when 739694 is divided by 421.
418
Calculate the remainder when 4767 is divided by 18.
15
Calculate the remainder when 222564 is divided by 507.
498
Calculate the remainder when 6807 is divided by 1126.
51
What is the remainder when 41416 is divided by 13803?
7
What is the remainder when 180779 is divided by 393?
392
Calculate the remainder when 16144 is divided by 1466.
18
What is the remainder when 23596 is divided by 9?
7
Calculate the remainder when 8383 is divided by 4190.
3
What is the remainder when 6385 is divided by 148?
21
What is the remainder when 158785 is divided by 14?
11
Calculate the remainder when 7780 is divided by 244.
216
Calculate the remainder when 2461132 is divided by 1544.
1540
Calculate the remainder when 6505 is divided by 112.
9
Calculate the remainder when 17106 is divided by 36.
6
What is the remainder when 13467 is divided by 2688?
27
Calculate the remainder when 3599 is divided by 571.
173
Calculate the remainder when 93645 is divided by 6241.
30
Calculate the remainder when 11412 is divided by 1274.
1220
Calculate the remainder when 14996 is divided by 1580.
776
Calculate the remainder when 3336 is divided by 555.
6
Calculate the remainder when 1484 is divided by 4.
0
Calculate the remainder when 44062 is divided by 44031.
31
Calculate the remainder when 5146 is divided by 5120.
26
Calculate the remainder when 5611 is divided by 266.
25
Calculate the remainder when 291496 is divided by 441.
436
What is the remainder when 59603 is divided by 246?
71
What is the remainder when 107940 is divided by 524?
520
What is the remainder when 41849 is divided by 5968?
73
Calculate the remainder when 1496 is divided by 57.
14
Calculate the remainder when 101375 is divided by 352.
351
What is the remainder when 3515 is divided by 7?
1
Calculate the remainder when 5609 is divided by 1293.
437
Calculate the remainder when 202824 is divided by 6.
0
What is the remainder when 15097 is divided by 3759?
61
Calculate the remainder when 543 is divided by 229.
85
What is the remainder when 34159 is divided by 70?
69
What is the remainder when 638034 is divided by 81?
78
What is the remainder when 2940 is divided by 1305?
330
What is the remainder when 162230 is divided by 44?
2
Calculate the remainder when 27396 is divided by 14.
12
Calculate the remainder when 3826 is divided by 208.
82
What is the remainder when 452254 is divided by 48?
46
Calculate the remainder when 33962 is divided by 201.
194
Calculate the remainder when 113840 is divided by 869.
1
What is the remainder when 867 is divided by 835?
32
Calculate the remainder when 24347 is divided by 291.
194
What is the remainder when 3761 is divided by 488?
345
What is the remainder when 1588216 is divided by 88234?
4
What is the remainder when 14389 is divided by 95?
44
Calculate the remainder when 44158 is divided by 43.
40
Calculate the remainder when 1088309 is divided by 362767.
8
Calculate the remainder when 221025 is divided by 40.
25
Calculate the remainder when 1818 is divided by 20.
18
Calculate the remainder when 546 is divided by 491.
55
Calculate the remainder when 136721 is divided by 499.
494
What is the remainder when 14702 is divided by 154?
72
What is the remainder when 3079 is divided by 111?
82
What is the remainder when 470526 is divided by 2978?
2
Calculate the remainder when 1109596 is divided by 760.
756
What is the remainder when 5932 is divided by 70?
52
Calculate the remainder when 2547 is divided by 101.
22
Calculate the remainder when 687 is divided by 204.
75
Calculate the remainder when 70202 is divided by 49.
34
What is the remainder when 75957 is divided by 57?
33
What is the remainder when 51503 is divided by 12?
11
Calculate the remainder when 159869 is divided by 1038.
17
Calculate the remainder when 1574 is divided by 104.
14
What is the remainder when 354 is divided by 253?
101
Calculate the remainder when 253 is divided by 11.
0
Calculate the remainder when 14262 is divided by 129.
72
Calculate the remainder when 25295 is divided by 34.
33
Calculate the remainder when 109047 is divided by 193.
2
What is the remainder when 5947690 is divided by 45?
40
What is the remainder when 2392 is divided by 1211?
1181
What is the remainder when 252409 is divided by 86?
85
Calculate the remainder when 1526 is divided by 219.
212
Calculate the remainder when 6212 is divided by 410.
62
Calculate the remainder when 194589 is divided by 11.
10
Calculate the remainder when 110858 is divided by 6.
2
What is the remainder when 329272 is divided by 3967?
11
Calculate the remainder when 47579 is divided by 353.
277
What is the remainder when 3315 is divided by 26?
13
Calculate the remainder when 35125 is divided by 181.
11
What is the remainder when 6552196 is divided by 9?
7
Calculate the remainder when 192799 is divided by 25.
24
What is the remainder when 17882 is divided by 873?
422
Calculate the remainder when 1130 is divided by 881.
249
What is the remainder when 61807 is divided by 1236?
7
What is the remainder when 342900 is divided by 18?
0
Calculate the remainder when 8941 is divided by 96.
13
What is the remainder when 19515 is divided by 25?
15
Calculate the remainder when 64576 is divided by 131.
124
What is the remainder when 3289703 is divided by 204?
203
What is the remainder when 365 is divided by 171?
23
Calculate the remainder when 12603 is divided by 249.
153
What is the remainder when 48344 is divided by 1467?
1400
What is the remainder when 54503 is divided by 9076?
47
Calculate the remainder when 8112 is divided by 22.
16
Calculate the remainder when 9874 is divided by 54.
46
What is the remainder when 36070 is divided by 11943?
241
Calculate the remainder when 21220 is divided by 54.
52
Calculate the remainder when 2804 is divided by 48.
20
Calculate the remainder when 982 is divided by 484.
14
What is the remainder when 14313 is divided by 146?
5
What is the remainder